{"id":2,"date":"2016-05-10T03:48:21","date_gmt":"2016-05-10T03:48:21","guid":{"rendered":"http:\/\/www.bbsa-potsdam.de\/?page_id=2"},"modified":"2025-06-25T16:59:40","modified_gmt":"2025-06-25T16:59:40","slug":"sample-page","status":"publish","type":"page","link":"https:\/\/www.bbsa-potsdam.de\/","title":{"rendered":"Brandenburg-Berlinisches Spracharchiv"},"content":{"rendered":"\n<figure class=\"wp-block-image size-large\"><img loading=\"lazy\" decoding=\"async\" width=\"1024\" height=\"377\" src=\"http:\/\/www.bbsa-potsdam.de\/wp-content\/uploads\/2018\/12\/Demske_03a_teil2-1024x377.jpg\" alt=\"\" class=\"wp-image-4118\" srcset=\"https:\/\/www.bbsa-potsdam.de\/wp-content\/uploads\/2018\/12\/Demske_03a_teil2-1024x377.jpg 1024w, https:\/\/www.bbsa-potsdam.de\/wp-content\/uploads\/2018\/12\/Demske_03a_teil2-300x110.jpg 300w, https:\/\/www.bbsa-potsdam.de\/wp-content\/uploads\/2018\/12\/Demske_03a_teil2-768x283.jpg 768w, https:\/\/www.bbsa-potsdam.de\/wp-content\/uploads\/2018\/12\/Demske_03a_teil2-1536x565.jpg 1536w, https:\/\/www.bbsa-potsdam.de\/wp-content\/uploads\/2018\/12\/Demske_03a_teil2.jpg 1772w\" sizes=\"auto, (max-width: 1024px) 100vw, 1024px\" \/><\/figure>\n\n\n<p>Das Spracharchiv an der Universit\u00e4t Potsdam verf\u00fcgt \u00fcber das vollst\u00e4ndige Material, das zur Erstellung des Brandenburg-Berlinischen W\u00f6rterbuchs zwischen 1950 und 1970 erhoben und ausgewertet wurde.<\/p>\n<p>Aktuell stehen <strong>22.153<\/strong> ortsbezogene Frageb\u00f6gen aus dem Brandenburg-Berlinischen Spracharchiv zur Verf\u00fcgung, deren Digitalisierung im Jahr 2016 im Rahmen eines von der Universit\u00e4t Potsdam gef\u00f6rderten Pilotprojekts begonnen wurde. Die Frageb\u00f6gen dokumentieren nicht nur lexikalische, sondern auch syntaktische Besonderheiten der brandenburgischen Dialekte sowie Redewendungen, Sprichw\u00f6rter und Sprechereinstellungen der Informanten, die in Form von Frageb\u00f6gen und Tonaufnahmen Auskunft zu ihren sprachlichen Gewohnheiten gegeben haben.<\/p>\n<p>Zur Verwendung der Karte steht den Nutzern \u00fcber die<a href=\"http:\/\/www.bbsa-potsdam.de\/?page_id=1732\"> Hilfeseite<\/a> eine Anleitung zur Verf\u00fcgung. Sollten Schwierigkeiten oder Frage bei der Benutzung entstehen, wenden Sie sich bitte an <a href=\"mailto:bbsa@uni-potsdam.de\">bbsa@uni-potsdam.de<\/a>.\u00a0Ebenso freuen wir uns \u00fcber Anregungen oder Hinweise, um den Gebrauch zu verbessern oder m\u00f6gliche Fehler zu beheben (<a href=\"mailto:bbsa@uni-potsdam.de\">bbsa@uni-potsdam.de<\/a>).<\/p>","protected":false},"excerpt":{"rendered":"<p>Das Spracharchiv an der Universit\u00e4t Potsdam verf\u00fcgt \u00fcber das vollst\u00e4ndige Material, das zur Erstellung des Brandenburg-Berlinischen W\u00f6rterbuchs zwischen 1950 und 1970 erhoben und ausgewertet wurde. Aktuell stehen 22.153 ortsbezogene Frageb\u00f6gen aus dem Brandenburg-Berlinischen Spracharchiv zur Verf\u00fcgung, deren Digitalisierung im Jahr 2016 im Rahmen eines von der Universit\u00e4t Potsdam gef\u00f6rderten Pilotprojekts begonnen wurde. Die Frageb\u00f6gen dokumentieren &hellip; <a href=\"https:\/\/www.bbsa-potsdam.de\/\" class=\"more-link\"><span class=\"screen-reader-text\">Brandenburg-Berlinisches Spracharchiv<\/span> weiterlesen<\/a><\/p>\n","protected":false},"author":1,"featured_media":0,"parent":0,"menu_order":0,"comment_status":"closed","ping_status":"open","template":"","meta":{"footnotes":""},"class_list":["post-2","page","type-page","status-publish","hentry"],"_links":{"self":[{"href":"https:\/\/www.bbsa-potsdam.de\/index.php?rest_route=\/wp\/v2\/pages\/2","targetHints":{"allow":["GET"]}}],"collection":[{"href":"https:\/\/www.bbsa-potsdam.de\/index.php?rest_route=\/wp\/v2\/pages"}],"about":[{"href":"https:\/\/www.bbsa-potsdam.de\/index.php?rest_route=\/wp\/v2\/types\/page"}],"author":[{"embeddable":true,"href":"https:\/\/www.bbsa-potsdam.de\/index.php?rest_route=\/wp\/v2\/users\/1"}],"replies":[{"embeddable":true,"href":"https:\/\/www.bbsa-potsdam.de\/index.php?rest_route=%2Fwp%2Fv2%2Fcomments&post=2"}],"version-history":[{"count":64,"href":"https:\/\/www.bbsa-potsdam.de\/index.php?rest_route=\/wp\/v2\/pages\/2\/revisions"}],"predecessor-version":[{"id":7806,"href":"https:\/\/www.bbsa-potsdam.de\/index.php?rest_route=\/wp\/v2\/pages\/2\/revisions\/7806"}],"wp:attachment":[{"href":"https:\/\/www.bbsa-potsdam.de\/index.php?rest_route=%2Fwp%2Fv2%2Fmedia&parent=2"}],"curies":[{"name":"wp","href":"https:\/\/api.w.org\/{rel}","templated":true}]}}